{"id":698,"date":"2016-02-01T12:04:27","date_gmt":"2016-02-01T11:04:27","guid":{"rendered":"http:\/\/www.evelyneduverne.com\/?page_id=698"},"modified":"2022-11-23T06:21:53","modified_gmt":"2022-11-23T05:21:53","slug":"about-2","status":"publish","type":"page","link":"http:\/\/www.evelyneduverne.com\/?page_id=698","title":{"rendered":"About"},"content":{"rendered":"<p style=\"text-align: center;\">&nbsp;<\/p>\n<p style=\"text-align: center;\"><img decoding=\"async\" loading=\"lazy\" class=\"wp-image-1852 alignnone\" src=\"http:\/\/www.evelyneduverne.com\/wp-content\/uploads\/portrait-Eve.jpg\" alt=\"\" width=\"217\" height=\"291\" srcset=\"http:\/\/www.evelyneduverne.com\/wp-content\/uploads\/portrait-Eve.jpg 369w, http:\/\/www.evelyneduverne.com\/wp-content\/uploads\/portrait-Eve-224x300.jpg 224w, http:\/\/www.evelyneduverne.com\/wp-content\/uploads\/portrait-Eve-300x402.jpg 300w, http:\/\/www.evelyneduverne.com\/wp-content\/uploads\/portrait-Eve-150x201.jpg 150w, http:\/\/www.evelyneduverne.com\/wp-content\/uploads\/portrait-Eve-20x27.jpg 20w\" sizes=\"(max-width: 217px) 100vw, 217px\" \/><\/p>\n<p style=\"text-align: center;\">&nbsp;<\/p>\n<p style=\"text-align: center;\"><img decoding=\"async\" loading=\"lazy\" class=\"alignnone  wp-image-1911\" src=\"http:\/\/www.evelyneduverne.com\/wp-content\/uploads\/drapeauenglais.png\" alt=\"\" width=\"32\" height=\"32\" srcset=\"http:\/\/www.evelyneduverne.com\/wp-content\/uploads\/drapeauenglais.png 109w, http:\/\/www.evelyneduverne.com\/wp-content\/uploads\/drapeauenglais-20x20.png 20w\" sizes=\"(max-width: 32px) 100vw, 32px\" \/><\/p>\n<p style=\"text-align: center;\">As far as I can remember, drawing has always been a part of my life. I have a creative personality; I like to build, touch, shape, and invent.<\/p>\n<p style=\"text-align: center;\">If my skill has been developed through arts studies, I\u2019m pretty sure that my inspiration comes from my native country France.<\/p>\n<p style=\"text-align: center;\">Actually, I grew up surrounded by the magical mountains of the Jura.<\/p>\n<p style=\"text-align: center;\">Then I developed my imagination through my travels, the people I met, my vast curiosity, and my ability to dream.<\/p>\n<p style=\"text-align: center;\">&nbsp;Now I have been living in Spain for ten years,&nbsp;in a small village surrounded by woods, a few kilometers from Barcelona.<\/p>\n<p style=\"text-align: center;\">&nbsp;My method of illustration varies according to my different projects. I switch easily from acrylic to digital paint.<\/p>\n<p style=\"text-align: center;\">&nbsp;My recipe for success in illustrations is using pencil drawing, with some glittering colors and always a touch of magic!<\/p>\n<p>&nbsp;<\/p>\n<p>&nbsp;<\/p>\n<p style=\"text-align: center;\"><img decoding=\"async\" loading=\"lazy\" class=\"alignnone  wp-image-1913\" src=\"http:\/\/www.evelyneduverne.com\/wp-content\/uploads\/drapeaufrancais.png\" alt=\"\" width=\"31\" height=\"30\" srcset=\"http:\/\/www.evelyneduverne.com\/wp-content\/uploads\/drapeaufrancais.png 112w, http:\/\/www.evelyneduverne.com\/wp-content\/uploads\/drapeaufrancais-20x18.png 20w\" sizes=\"(max-width: 31px) 100vw, 31px\" \/><\/p>\n<p style=\"text-align: center;\">Aussi loin que je m&rsquo;en souvienne le dessin \u00e0 toujours fait partie de ma vie. J&rsquo;ai une personnalit\u00e9 manuelle, j&rsquo;aime cr\u00e9er, construire, toucher, modeler, fa\u00e7onner, inventer.<\/p>\n<p style=\"text-align: center;\">Si mon habilet\u00e9&nbsp;s&rsquo;est forg\u00e9e \u00e0 travers des \u00e9tudes d&rsquo;arts, mon inspiration quant \u00e0 elle provient&nbsp;sans doute de l&rsquo;atmosph\u00e8re f\u00e9erique et myst\u00e9rieuse des montagnes de mon Jura natal.<\/p>\n<p style=\"text-align: center;\">Elle s&rsquo;est ensuite d\u00e9velopp\u00e9e \u00e0 la faveur de mes voyages, de mes rencontres, de ma curiosit\u00e9 et de ma capacit\u00e9 \u00e0 r\u00eaver.<\/p>\n<p style=\"text-align: center;\">Depuis quelques ann\u00e9es je vis et dessine&nbsp;sous le soleil espagnol, dans un petit village entour\u00e9 par les bois, \u00e0 quelques kilom\u00e8tres de Barcelone.<\/p>\n<p style=\"text-align: center;\">Ma mani\u00e8re de travailler varie au gr\u00e9 de mes &nbsp;diff\u00e9rents projets. Je passe avec aisance de la peinture acrylique \u00e0 l&rsquo;infographie.<\/p>\n<p style=\"text-align: center;\">Ma recette en illustration : un&nbsp;dessin&nbsp;au crayon, des couleurs chatoyantes&nbsp;et une touche de malice.<\/p>\n<p style=\"text-align: center;\"><img decoding=\"async\" loading=\"lazy\" class=\"alignnone wp-image-913\" src=\"http:\/\/www.evelyneduverne.com\/wp-content\/uploads\/logoeve-1.jpg\" alt=\"logoeve\" width=\"400\" height=\"446\"><\/p>\n<p style=\"text-align: center;\">Je vous laisse d\u00e9couvrir mon univers, j&rsquo;esp\u00e8re qu&rsquo;il vous s\u00e9duira et \u00e9gaiera vos r\u00eaves&#8230;<\/p>\n<p>&nbsp;<\/p>\n<p>&nbsp;<\/p>\n<p>&nbsp;<\/p>\n<p>&nbsp;<\/p>\n","protected":false},"excerpt":{"rendered":"<p>&nbsp; &nbsp; As far as I can remember, drawing has always been a part of my life. I have a creative personality; I like to build, touch, shape, and invent. If my skill has been developed through arts studies, I\u2019m pretty sure that my inspiration comes from my native country France. Actually, I grew up&hellip;<\/p>\n","protected":false},"author":1,"featured_media":0,"parent":0,"menu_order":0,"comment_status":"closed","ping_status":"closed","template":"","meta":{"_mi_skip_tracking":false,"ngg_post_thumbnail":0},"aioseo_notices":[],"_links":{"self":[{"href":"http:\/\/www.evelyneduverne.com\/index.php?rest_route=\/wp\/v2\/pages\/698"}],"collection":[{"href":"http:\/\/www.evelyneduverne.com\/index.php?rest_route=\/wp\/v2\/pages"}],"about":[{"href":"http:\/\/www.evelyneduverne.com\/index.php?rest_route=\/wp\/v2\/types\/page"}],"author":[{"embeddable":true,"href":"http:\/\/www.evelyneduverne.com\/index.php?rest_route=\/wp\/v2\/users\/1"}],"replies":[{"embeddable":true,"href":"http:\/\/www.evelyneduverne.com\/index.php?rest_route=%2Fwp%2Fv2%2Fcomments&post=698"}],"version-history":[{"count":27,"href":"http:\/\/www.evelyneduverne.com\/index.php?rest_route=\/wp\/v2\/pages\/698\/revisions"}],"predecessor-version":[{"id":1930,"href":"http:\/\/www.evelyneduverne.com\/index.php?rest_route=\/wp\/v2\/pages\/698\/revisions\/1930"}],"wp:attachment":[{"href":"http:\/\/www.evelyneduverne.com\/index.php?rest_route=%2Fwp%2Fv2%2Fmedia&parent=698"}],"curies":[{"name":"wp","href":"https:\/\/api.w.org\/{rel}","templated":true}]}}

<p style="text-align: center;">&nbsp;</p>
<p style="text-align: center;"><img decoding="async" loading="lazy" class="wp-image-1852 alignnone" src="http://www.evelyneduverne.com/wp-content/uploads/portrait-Eve.jpg" alt="" width="217" height="291" srcset="http://www.evelyneduverne.com/wp-content/uploads/portrait-Eve.jpg 369w, http://www.evelyneduverne.com/wp-content/uploads/portrait-Eve-224x300.jpg 224w, http://www.evelyneduverne.com/wp-content/uploads/portrait-Eve-300x402.jpg 300w, http://www.evelyneduverne.com/wp-content/uploads/portrait-Eve-150x201.jpg 150w, http://www.evelyneduverne.com/wp-content/uploads/portrait-Eve-20x27.jpg 20w" sizes="(max-width: 217px) 100vw, 217px" /></p>
<p style="text-align: center;">&nbsp;</p>
<p style="text-align: center;"><img decoding="async" loading="lazy" class="alignnone  wp-image-1911" src="http://www.evelyneduverne.com/wp-content/uploads/drapeauenglais.png" alt="" width="32" height="32" srcset="http://www.evelyneduverne.com/wp-content/uploads/drapeauenglais.png 109w, http://www.evelyneduverne.com/wp-content/uploads/drapeauenglais-20x20.png 20w" sizes="(max-width: 32px) 100vw, 32px" /></p>
<p style="text-align: center;">As far as I can remember, drawing has always been a part of my life. I have a creative personality; I like to build, touch, shape, and invent.</p>
<p style="text-align: center;">If my skill has been developed through arts studies, I’m pretty sure that my inspiration comes from my native country France.</p>
<p style="text-align: center;">Actually, I grew up surrounded by the magical mountains of the Jura.</p>
<p style="text-align: center;">Then I developed my imagination through my travels, the people I met, my vast curiosity, and my ability to dream.</p>
<p style="text-align: center;">&nbsp;Now I have been living in Spain for ten years,&nbsp;in a small village surrounded by woods, a few kilometers from Barcelona.</p>
<p style="text-align: center;">&nbsp;My method of illustration varies according to my different projects. I switch easily from acrylic to digital paint.</p>
<p style="text-align: center;">&nbsp;My recipe for success in illustrations is using pencil drawing, with some glittering colors and always a touch of magic!</p>
<p>&nbsp;</p>
<p>&nbsp;</p>
<p style="text-align: center;"><img decoding="async" loading="lazy" class="alignnone  wp-image-1913" src="http://www.evelyneduverne.com/wp-content/uploads/drapeaufrancais.png" alt="" width="31" height="30" srcset="http://www.evelyneduverne.com/wp-content/uploads/drapeaufrancais.png 112w, http://www.evelyneduverne.com/wp-content/uploads/drapeaufrancais-20x18.png 20w" sizes="(max-width: 31px) 100vw, 31px" /></p>
<p style="text-align: center;">Aussi loin que je m&rsquo;en souvienne le dessin à toujours fait partie de ma vie. J&rsquo;ai une personnalité manuelle, j&rsquo;aime créer, construire, toucher, modeler, façonner, inventer.</p>
<p style="text-align: center;">Si mon habileté&nbsp;s&rsquo;est forgée à travers des études d&rsquo;arts, mon inspiration quant à elle provient&nbsp;sans doute de l&rsquo;atmosphère féerique et mystérieuse des montagnes de mon Jura natal.</p>
<p style="text-align: center;">Elle s&rsquo;est ensuite développée à la faveur de mes voyages, de mes rencontres, de ma curiosité et de ma capacité à rêver.</p>
<p style="text-align: center;">Depuis quelques années je vis et dessine&nbsp;sous le soleil espagnol, dans un petit village entouré par les bois, à quelques kilomètres de Barcelone.</p>
<p style="text-align: center;">Ma manière de travailler varie au gré de mes &nbsp;différents projets. Je passe avec aisance de la peinture acrylique à l&rsquo;infographie.</p>
<p style="text-align: center;">Ma recette en illustration : un&nbsp;dessin&nbsp;au crayon, des couleurs chatoyantes&nbsp;et une touche de malice.</p>
<p style="text-align: center;"><img decoding="async" loading="lazy" class="alignnone wp-image-913" src="http://www.evelyneduverne.com/wp-content/uploads/logoeve-1.jpg" alt="logoeve" width="400" height="446"></p>
<p style="text-align: center;">Je vous laisse découvrir mon univers, j&rsquo;espère qu&rsquo;il vous séduira et égaiera vos rêves&#8230;</p>
<p>&nbsp;</p>
<p>&nbsp;</p>
<p>&nbsp;</p>
<p>&nbsp;</p>
